
True
Is 1766139601 a composite number?
False
Is 118573391 a composite number?
True
Is 2664131 a prime number?
False
Is 139109161 a prime number?
False
Is 1770817 prime?
True
Is 157670449 a composite number?
False
Is 167253249 composite?
True
Is 395801833 a composite number?
True
Is 3592037 a prime number?
True
Is 29652973 prime?
False
Is 100405873 composite?
False
Is 47802797 a prime number?
False
Is 5298889 prime?
True
Is 31043417 composite?
False
Is 2867213 composite?
False
Is 99919 a prime number?
False
Is 148247389 a composite number?
True
Is 16872337 composite?
False
Is 1100213 composite?
False
Is 34536261 a composite number?
True
Is 3521785 a prime number?
False
Is 63507706 composite?
True
Is 2274637 prime?
False
Is 3834829 prime?
True
Is 32667377 prime?
False
Is 734149 a prime number?
False
Is 80008133 a prime number?
True
Is 7404541 composite?
True
Is 6077779 a prime number?
False
Is 31889293 composite?
True
Is 56160959 a prime number?
False
Is 5591821 composite?
True
Is 83345089 a prime number?
True
Is 280201319 a composite number?
True
Is 16309901 prime?
False
Is 20994757 a composite number?
True
Is 79377253 composite?
False
Is 28168043 prime?
False
Is 5336657 prime?
False
Is 11294637 a prime number?
False
Is 80970121 a composite number?
True
Is 5830963 a composite number?
False
Is 112926431 composite?
False
Is 286858211 a composite number?
False
Is 10637293 composite?
True
Is 6674771 a composite number?
False
Is 7517117 prime?
True
Is 6074527 a composite number?
False
Is 228244213 prime?
False
Is 4029271 a composite number?
False
Is 135414067 a composite number?
False
Is 31259341 a composite number?
False
Is 441628709 a composite number?
False
Is 93140101 a prime number?
True
Is 74468393 prime?
True
Is 25466813 a prime number?
False
Is 15557011 a composite number?
True
Is 4615783 composite?
False
Is 469291 a prime number?
False
Is 6223933 a composite number?
False
Is 1292149 a composite number?
False
Is 9315043 prime?
False
Is 315221117 composite?
False
Is 145201181 a prime number?
True
Is 68970467 prime?
False
Is 139889513 composite?
False
Is 13429015 a prime number?
False
Is 1288493 prime?
False
Is 189743 a composite number?
False
Is 19622609 a prime number?
True
Is 150644509 a composite number?
False
Is 211988981 a prime number?
False
Is 30354017 a composite number?
False
Is 42955193 a composite number?
False
Is 269096431 prime?
True
Is 41811103 composite?
True
Is 201005033 prime?
True
Is 82774691 prime?
True
Is 31319 composite?
False
Is 67706921 prime?
True
Is 13796273 a composite number?
True
Is 2972881 prime?
True
Is 37030027 a prime number?
False
Is 7622611 a composite number?
False
Is 4401745 a prime number?
False
Is 593111 a prime number?
True
Is 15105631 composite?
True
Is 7072057 prime?
True
Is 1374787 a prime number?
True
Is 3207379 a composite number?
True
Is 73205107 a prime number?
True
Is 10162541 composite?
True
Is 21758717 composite?
False
Is 19438511 prime?
True
Is 29665983 composite?
True
Is 5541343 a prime number?
False
Is 9678299 prime?
True
Is 165367 a prime number?
True
Is 405319 composite?
True
Is 3428743 composite?
False
Is 1534817 composite?
True
Is 3012733 a composite number?
True
Is 5322943 composite?
False
Is 2890259 a prime number?
True
Is 90834163 prime?
False
Is 71316841 composite?
False
Is 128707141 composite?
False
Is 31042097 a prime number?
True
Is 28701781 a composite number?
True
Is 38970454 a prime number?
False
Is 5900443 prime?
False
Is 86681801 prime?
True
Is 10686581 prime?
True
Is 16830881 prime?
True
Is 134473487 composite?
False
Is 430991423 composite?
False
Is 22115471 composite?
True
Is 48417431 a composite number?
False
Is 3184561 composite?
False
Is 741917287 prime?
True
Is 76942083 composite?
True
Is 140692931 composite?
False
Is 66193829 a prime number?
False
Is 1625539 a composite number?
False
Is 447943 prime?
True
Is 7079507 a composite number?
False
Is 40926053 prime?
False
Is 103542217 a composite number?
False
Is 923563 a composite number?
True
Is 2985287 prime?
True
Is 22704329 composite?
True
Is 2754511 composite?
True
Is 313813645 a composite number?
True
Is 116268959 prime?
False
Is 25920761 a composite number?
True
Is 81897433 prime?
False
Is 211129 a composite number?
False
Is 1438109 composite?
False
Is 110312859 a composite number?
True
Is 162455239 a prime number?
True
Is 232303 prime?
True
Is 2995973 prime?
True
Is 76716685 prime?
False
Is 1804763 prime?
True
Is 14888381 a composite number?
True
Is 5974153 prime?
False
Is 4789517 a composite number?
False
Is 4045403 a composite number?
True
Is 378869 a prime number?
True
Is 94782311 a prime number?
False
Is 2034139 composite?
False
Is 422413 a prime number?
False
Is 30413293 a composite number?
False
Is 257412143 a prime number?
True
Is 8372515 composite?
True
Is 7943713 prime?
True
Is 1178248499 a composite number?
True
Is 1387717 a prime number?
True
Is 863656603 a prime number?
True
Is 9362333 composite?
False
Is 19355899 prime?
True
Is 15787403 a composite number?
False
Is 123293711 a prime number?
True
Is 3812357 prime?
True
Is 103935607 composite?
False
Is 2552939 a composite number?
False
Is 5115793 prime?
False
Is 12457967 a prime number?
True
Is 85779461 composite?
False
Is 69272713 composite?
True
Is 116998493 a prime number?
False
Is 181938247 a prime number?
True
Is 355753 a composite number?
False
Is 483317 a prime number?
True
Is 79050229 a prime number?
True
Is 16192699 composite?
True
Is 5907829 a composite number?
False
Is 2917553 prime?
False
Is 25580573 composite?
True
Is 209497 a composite number?
False
Is 5880451 a prime number?
False
Is 511517 composite?
True
Is 30241877 a prime number?
True
Is 16452727 a composite number?
True
Is 5118611 a prime number?
False
Is 639759257 a composite number?
False
Is 28565891 prime?
True
Is 24223126 composite?
True
Is 166182217 a prime number?
True
Is 25826431 a prime number?
True
Is 4278453 composite?
True
Is 19382351 composite?
False
Is 136333427 a composite number?
False
Is 327215543 a prime number?
True
Is 29837629 a composite number?
False
Is 499543 composite?
True
Is 55354217 a composite number?
False
Is 97009 composite?
True
Is 204750373 a prime number?
False
Is 722748511 a composite number?
True
Is 68117107 a prime number?
True
Is 10598473 a composite number?
False
Is 14288163 a prime number?
False
Is 3779047 composite?
True
Is 3186731 composite?
True
Is 1616669 prime?
True
Is 4335329 composite?
False
Is 198585839 a composite number?
False
Is 272490307 a prime number?
True
Is 1346854 a prime number?
False
Is 6932641 composite?
True
Is 69136663 a composite number?
False
Is 4468823 a composite number?
True
Is 5424091 a prime number?
False
Is 1244569 a prime number?
False
Is 962303 a composite number?
False
Is 6390091 a prime number?
False
Is 8277091 composite?
True
Is 6334907 prime?
True
Is 39096919 a prime number?
False
Is 1688486 a prime number?
False
Is 5301269 prime?
True
Is 938237 a prime number?
False
Is 3518447 composite?
False
Is 163469437 a composite number?
True
Is 14771879 prime?
True
Is 14314853 a composite number?
True
Is 4035839 a prime number?
True
Is 77262089 a prime number?
True
Is 5173601 composite?
True
Is 11501801 composite?
False
Is 540723749 composite?
False
Is 1171798 a prime number?
False
Is 24711163 composite?
False
Is 148003127 a composite number?
True
Is 22226329 a prime number?
True
Is 6347177 a composite number?
False
Is 182653487 prime?
True
Is 57171533 composite?
True
Is 19181531 composite?
False
Is 340704017 a composite number?
True
Is 141934969 composite?
True
Is 864043 a prime number?
False
Is 34926319 prime?
True
Is 536036309 prime?
False
Is 27237667 a prime number?
True
Is 29596363 a prime number?
True
Is 28888237 a composite number?
True
Is 298018807 composite?
False
Is 25905963 composite?
True
Is 18210817 composite?
False
Is 3618983 a prime number?
False
Is 1319665 a prime number?
False
Is 107760817 a prime number?
True
Is 415577 composite?
False
Is 7571269 a prime number?
True
Is 339146791 a prime number?
True
Is 2575207 composite?
True
Is 74422027 a prime number?
True
Is 1682827 a composite number?
False
Is 8274893 composite?
True
Is 32743273 prime?
False
Is 134566657 a composite number?
False
Is 194387995 c